nits digit of 1986?
6
What is the units digit of 36277?
7
What is the thousands digit of 27390?
7
What is the units digit of 1515?
5
What is the units digit of 680?
0
What is the thousands digit of 8658?
8
What is the thousands digit of 34113?
4
What is the hundreds digit of 9060?
0
What is the units digit of 13419?
9
What is the tens digit of 1393?
9
What is the hundreds digit of 584?
5
What is the ten thousands digit of 70141?
7
What is the hundreds digit of 18000?
0
What is the units digit of 40447?
7
What is the hundreds digit of 34730?
7
What is the ten thousands digit of 28755?
2
What is the ten thousands digit of 23605?
2
What is the units digit of 428?
8
What is the hundreds digit of 1368?
3
What is the tens digit of 4739?
3
What is the hundreds digit of 24326?
3
What is the hundreds digit of 61157?
1
What is the ten thousands digit of 12728?
1
What is the hundreds digit of 80328?
3
What is the thousands digit of 10549?
0
What is the hundred thousands digit of 102053?
1
What is the units digit of 326?
6
What is the hundreds digit of 1401?
4
What is the hundreds digit of 637?
6
What is the tens digit of 30?
3
What is the hundreds digit of 12195?
1
What is the tens digit of 11322?
2
What is the units digit of 9844?
4
What is the tens digit of 37639?
3
What is the tens digit of 3713?
1
What is the thousands digit of 18060?
8
What is the ten thousands digit of 85725?
8
What is the tens digit of 791?
9
What is the ten thousands digit of 167632?
6
What is the units digit of 7270?
0
What is the ten thousands digit of 68325?
6
What is the units digit of 3863?
3
What is the units digit of 42686?
6
What is the thousands digit of 10740?
0
What is the units digit of 7872?
2
What is the units digit of 720?
0
What is the units digit of 17504?
4
What is the thousands digit of 114177?
4
What is the hundreds digit of 465?
4
What is the units digit of 19634?
4
What is the units digit of 535?
5
What is the tens digit of 10978?
7
What is the units digit of 2328?
8
What is the ten thousands digit of 50462?
5
What is the tens digit of 409?
0
What is the hundreds digit of 2057?
0
What is the units digit of 30253?
3
What is the hundreds digit of 2018?
0
What is the hundreds digit of 5217?
2
What is the thousands digit of 10782?
0
What is the thousands digit of 2441?
2
What is the hundreds digit of 7349?
3
What is the hundreds digit of 2727?
7
What is the thousands digit of 6408?
6
What is the tens digit of 1480?
8
What is the hundreds digit of 2533?
5
What is the tens digit of 81171?
7
What is the hundreds digit of 160924?
9
What is the hundreds digit of 674?
6
What is the ten thousands digit of 33196?
3
What is the units digit of 100302?
2
What is the thousands digit of 7025?
7
What is the tens digit of 60967?
6
What is the thousands digit of 4659?
4
What is the tens digit of 5838?
3
What is the tens digit of 34409?
0
What is the thousands digit of 14239?
4
What is the tens digit of 20399?
9
What is the thousands digit of 51382?
1
What is the units digit of 79785?
5
What is the hundreds digit of 1324?
3
What is the hundreds digit of 16723?
7
What is the tens digit of 31318?
1
What is the tens digit of 9416?
1
What is the hundreds digit of 900?
9
What is the tens digit of 5871?
7
What is the tens digit of 122752?
5
What is the hundreds digit of 18273?
2
What is the units digit of 1550?
0
What is the hundreds digit of 19703?
7
What is the ten thousands digit of 20167?
2
What is the units digit of 13078?
8
What is the tens digit of 533?
3
What is the tens digit of 10?
1
What is the hundreds digit of 8635?
6
What is the ten thousands digit of 11901?
1
What is the tens digit of 3314?
1
What is the units digit of 33496?
6
What is the hundreds digit of 2810?
8
What is the tens digit of 2122?
2
What is the units digit of 39534?
4
What is the tens digit of 57250?
5
What is the thousands digit of 20517?
0
What is the thousands digit of 4833?
4
What is the hundreds digit of 26152?
1
What is the hundreds digit of 34393?
3
What is the tens digit of 133031?
3
What is the tens digit of 453?
5
What is the tens digit of 4112?
1
What is the units digit of 5340?
0
What is the tens digit of 563?
6
What is the units digit of 101014?
4
What is the tens digit of 3970?
7
What is the tens digit of 2333?
3
What is the units digit of 601?
1
What is the hundreds digit of 584?
5
What is the tens digit of 2526?
2
What is the tens digit of 101?
0
What is the hundreds digit of 3353?
3
What is the thousands digit of 6384?
6
What is the thousands digit of 7849?
7
What is the units digit of 5097?
7
What is the ten thousands digit of 94010?
9
What is the tens digit of 35216?
1
What is the hundreds digit of 1327?
3
What is the thousands digit of 47470?
7
What is the hundred thousands digit of 153369?
1
What is the tens digit of 6155?
5
What is the tens digit of 3417?
1
What is the hundreds digit of 582?
5
What is the hundreds digit of 900?
9
What is the tens digit of 1179?
7
What is the hundreds digit of 34478?
4
What is the units digit of 1280?
0
What is the units digit of 392?
2
What is the hundreds digit of 58292?
2
What is the tens digit of 1595?
9
What is the thousands digit of 46558?
6
What is the thousands digit of 35678?
5
What is the hundreds digit of 30340?
3
What is the hundreds digit of 38811?
8
What is the tens digit of 3790?
9
What is the units digit of 48074?
4
What is the hundreds digit of 1686?
6
What is the ten thousands digit of 23358?
2
What is the units digit of 18137?
7
What is the ten thousands digit of 12659?
1
What is the hundreds digit of 9134?
1
What is the hundreds digit of 4723?
7
What is the hundreds digit of 3887?
8
What is the units digit of 5493?
3
What is the hundreds digit of 43349?
3
What is the units digit of 7669?
9
What is the tens digit of 2978?
7
What is the tens digit of 8629?
2
What is the tens digit of 1895?
9
What is the hundreds digit of 4057?
0
What is the units digit of 83027?
7
What is the units digit of 726?
6
What is the thousands digit of 7880?
7
What is the tens digit of 4344?
4
What is the hundreds digit of 67691?
6
What is the tens digit of 125?
2
What is the units digit of 2914?
4
What is the hundreds digit of 1106?
1
What is the units digit of 453?
3
What is the tens digit of 28810?
1
What is the tens digit of 9455?
5
What is the units digit of 43988?
8
What is the hundreds digit of 30834?
8
What is the units digit of 9106?
6
What is the thousands digit of 18548?
8
What is the units digit of 2196?
6
What is the thousands digit of 5946?
5
What is the hundreds digit of 87776?
7
What is the units digit of 10499?
9
What is the thousands digit of 23162?
3
What is the thousands digit of 5916?
5
What is the tens digit of 1682?
8
What is the units digit of 713?
3
What is the hundreds digit of 2822?
8
What is the tens digit of 3310?
1
What is the units digit of 3489?
9
What is the ten thousands digit of 25251?
2
What is the ten thousands digit of 20259?
2
What is the ten thousands digit of 15696?
1
What is the tens digit of 527?
2
What is the units digit of 48903?
3
What is the thousands digit of 2021?
2
What is the tens digit of 1448?
4
What is the hundreds digit of 1106?
1
What is the tens digit of 8284?
8
What is the hundreds digit of 10000?
0
What is the units digit of 30054?
4
What is the hundreds digit of 2448?
4
What is the units digit of 3154?
4
What is the ten thousands digit of 29375?
2
What is the units digit of 83161?
1
What is the units digit of 2971?
1
What is the units digit of 1381?
1
What is the hundreds digit of 2210?
2
What is the units digit of 9257?
7
What is the units digit of 26204?
4
What is the units digit of 1636?
6
What is the tens digit of 459?
5
What is the thousands digit of 1777?
1
What is the units digit of 49622?
2
What is the hundreds digit of 301?
3
What is the tens digit of 13805?
0
What is the thousands digit of 30939?
0
What is the units digit of 23596?
6
What is the units digit of 26641?
1
What is the units digit of 72283?
3
What is the units digit of 34028?
8
What is the units digit of 313?
3
What is the hundreds digit of 819?
8
What is the tens digit of 735?
3
What is the thousands digit of 154021?
4
What is the tens digit of 1323?
2
What is the hundreds digit of 2815?
8
What is the tens digit of 2419?